09 + b. List the prime factors of i.
2, 5
List the prime factors of (-50 - -51)/((-1)/(-2391)).
3, 797
Let z = -1309 + 3398. List the prime factors of z.
2089
Let t(u) = -10*u - 3. Let c(k) = 50*k + 14. Let s(w) = 2*c(w) + 11*t(w). What are the prime factors of s(-5)?
3, 5
Let v be 117 - (-1 - -4 - 5). Suppose -m = -w + 4*w - 25, -v = -3*m + 2*w. Suppose 5*j - m = 2*x, 4*x - 24 = -4*j - 0*x. What are the prime factors of j?
7
Let m be 1/(-5) - (-90)/(-50). List the prime factors of (6/(-12))/(m/192).
2, 3
Let a = 337 - -123. Suppose 0 = -u + 6*u - a. List the prime factors of u.
2, 23
Let n(u) = -2*u**3 - 3*u**2 + u + 2. Let t be n(-2). Suppose -6 = -z - t. Suppose -d = -3*i + z*d + 60, 0 = -5*i + d + 116. What are the prime factors of i?
2, 3
Let s(i) = -20*i. Let c be s(6). Suppose 0*v - 4*v - 288 = -4*n, 4*v = -5*n - 315. Let l = v - c. List the prime factors of l.
3, 5
Suppose 4*k = 160 - 88. Let p = 1 + -21. What are the prime factors of (30/p)/((-1)/k)?
3
Let x(r) = 3*r**3 - 8*r**2 + 25*r - 4. List the prime factors of x(5).
2, 37
Suppose 4*r - y = -274, 4*y - 196 = 3*r + 8*y. Let c = 99 + r. What are the prime factors of c?
31
Let i be 2/4*(-2240)/(-7). Suppose -p + i = p. List the prime factors of p.
2, 5
Let b(y) = y**2 - 2*y - 9. Let s(h) = h**2 - h. Let w(l) = -b(l) + 4*s(l). List the prime factors of w(9).
2, 3, 13
Let r = -102 - -251. Let z be -108 + ((-1)/1 - -6). Let v = z + r. What are the prime factors of v?
2, 23
Let n(t) = -16*t**2 + t - 2. Let v be (-120)/(-16)*(-2)/3. Let y(g) = -31*g**2 + 2*g - 5. Let f(o) = v*n(o) + 2*y(o). List the prime factors of f(1).
17
Suppose 3*j - j = 54. Let s = -88 - -77. Let w = j + s. What are the prime factors of w?
2
Let d(w) = 17*w**2 + 2*w - 22. List the prime factors of d(5).
7, 59
Suppose -m = 5*o - 100, 4*m - 455 = -5*o - 10. What are the prime factors of m?
5, 23
Suppose -8 = 4*l + 2*v, -3*v + 1 - 6 = -l. Suppose -10*c = -4*c - 18. What are the prime factors of l*c*(-10)/6?
5
Suppose 5*i - i + n - 6280 = 0, -2*i = -4*n - 3122. List the prime factors of i.
3, 523
Let x(g) = -3*g + 1. Let b(t) = t**3 + t**2 - 2*t + 1. Let n be b(-2). Suppose -5*j = 4*u + 13, -j + n - 10 = 4*u. List the prime factors of x(u).
7
Let m = -14 - -12. Let t be (m/3)/(7/84). Let j = t + 16. What are the prime factors of j?
2
Let s(g) = g**3 + 27*g**2 - 33*g - 38. List the prime factors of s(-28).
2, 3, 17
Let n = 789 - 478. What are the prime factors of n?
311
Suppose -5*f - 2411 = -4*p, 6*p - 10*p = 3*f - 2387. List the prime factors of p.
599
Let j = -4 + 6. Let t(k) = 28*k. Let c be t(j). Suppose 2*f + 4*l - 42 = 0, -4*f + 2*f + 3*l = -c. List the prime factors of f.
5
Let h = 54 + -51. Suppose -2*w - 153 = -3*z - 0*w, -z = h*w - 40. What are the prime factors of z?
7
Suppose 19*a = 16*a - 6, 5*w - 5344 = 2*a. List the prime factors of w.
2, 3, 89
Suppose -7*n - 29 - 6 = 0. Let o be 28/n + (-4)/10. List the prime factors of 270/6 + o/2.
2, 3, 7
Suppose 2 = 110*l - 109*l. Suppose f - 4*t = -7*t + 45, -3*f - 5*t + 119 = 0. Let z = l + f. List the prime factors of z.
5, 7
Let o be 1 + -2 - (-7 - -1). Let g(u) = -u + 6. Let h be g(4). Suppose 2*s - 2*i = 40, 5*s - h*s - 84 = -o*i. What are the prime factors of s?
23
Suppose 3*f - 29 - 118 = 0. Let o = f + -12. What are the prime factors of o?
37
Let k = -35 - -33. What are the prime factors of 21/(-12)*2*k?
7
Let b(t) = -835*t**3 + 2*t**2 + 7*t + 4. List the prime factors of b(-1).
2, 3, 139
Suppose 17 = -2*j - q, -j + 2*q + 0*q - 6 = 0. Let s = j - -12. Suppose s*w - 2 = -3*d + 3, -3*w = -5*d + 47. What are the prime factors of d?
7
Suppose -4*y - b - 8 + 1 = 0, -y + 2 = 4*b. Suppose 9 = 8*t - 11*t. What are the prime factors of (2/y)/(t/123)?
41
Suppose 3*v = -n + v + 1554, -2*n + 3090 = -2*v. What are the prime factors of n?
2, 3, 43
Let q(y) = -y**2 + 10*y + 8. Let r be q(11). List the prime factors of 525/18 + r/18.
29
Suppose -y = 4*y - 2150. Let x = y + -231. List the prime factors of x.
199
Let z(r) = -r + 9. Let d be z(12). Let b be d*(16/(-12) + 0). What are the prime factors of 19 - (-7 - (-16)/b)?
2, 11
Suppose 46 = l + 4*z, 4*l + 11 = 5*l - 3*z. Let t(i) = -i**2 + 31*i - 1. List the prime factors of t(l).
3, 43
List the prime factors of -1 + (0 - -1) + 3952/2.
2, 13, 19
Suppose -15 = 5*b, 4*b - 4117 = -4*t - b. Suppose 1112 + t = 13*s. List the prime factors of s.
3, 5, 11
Suppose 13*w - 8*w = 25. Suppose -w*t + 47 = -28. What are the prime factors of t?
3, 5
Let c(k) be the first derivative of -k**2/2 - 5*k + 8. Let b be c(-5). Let a(q) = -q**3 - q**2 + 44. What are the prime factors of a(b)?
2, 11
Let k = 41 + -17. Let b be (18/k)/((-2)/16). List the prime factors of 33/2 - 9/b.
2, 3
Let g(l) = -13*l**3 - l**2 - 6*l - 6. List the prime factors of g(-5).
2, 7, 29
Let f = -3421 - -4950. What are the prime factors of f?
11, 139
Let x(u) = 4*u**2 - 5*u - 6. Suppose 0*l - 2*l - 6 = 0. Let f(h) = 5*h**2 - 6*h - 6. Let y(t) = l*f(t) + 4*x(t). What are the prime factors of y(6)?
2, 3
Suppose -9*b + 4298 + 4342 = 0. List the prime factors of b.
2, 3, 5
Let v = 626 + -433. List the prime factors of v.
193
Suppose 4*i + 3*s = -33, -12 = 5*s + 3. Let a be (-30)/(3 - i/(-4)). Let o = 22 + a. What are the prime factors of o?
2
Let g(w) = 16*w + 5. Let l be g(4). Let a = -8 + l. List the prime factors of a.
61
Let p = 1162 - 1046. List the prime factors of p.
2, 29
Let c = -9 + 25. Let b = c - -7. Suppose -a + b = -0. What are the prime factors of a?
23
What are the prime factors of 3025 + 24/(-14)*63/18?
3019
What are the prime factors of 106284/119 + (-7)/((-49)/6)?
2, 3, 149
Suppose 32*y + 441408 = 108*y. List the prime factors of y.
2, 3, 11
Suppose 68*y - 1800 = 63*y. List the prime factors of y.
2, 3, 5
Let g be -34 - (-12)/(3 - 0). Let w = g + 111. What are the prime factors of w?
3
Let l be 2/(3 - 4) + 59. Suppose -3*p = c + 4*c - 140, -3*c - 4*p = -73. Let z = l - c. What are the prime factors of z?
2, 13
Suppose 4*c - 6*c - 14 = 0. Let a(i) = 8*i - 3. Let u(v) = -v + 1. Let h(x) = -4*a(x) - 28*u(x). List the prime factors of h(c).
2, 3
Suppose 4*f + 4 = 0, 0 = -4*y + 2*y - 2*f + 5422. List the prime factors of y.
2, 3, 113
Let s(l) = 3*l**2 + 27*l - 37. List the prime factors of s(-13).
7, 17
Let p(m) = -m**2 + m. Let i be p(0). Suppose -5*f + 11 - 1 = i. Suppose 5*k + 4*c = 131, -2*c - 83 = -5*k + f*k. List the prime factors of k.
3
Suppose 3*h + 3 = 4*h - 3*y, 0 = -4*h - 2*y + 12. Let t be (-9)/h - 8/(-2). Let a = t - -11. List the prime factors of a.
2, 3
Suppose -5*f = -5*x - 6 - 4, f + 1 = 4*x. Suppose j = -f*j - 216. List the prime factors of j/(-4) + (-4)/(-8).
2, 7
List the prime factors of 571 + 6/2*-2.
5, 113
What are the prime factors of (56/20 - -3)/((-2)/(-670))?
29, 67
Let u be 3 + 0 + 94 + -5. Let l = u - 62. List the prime factors of l.
2, 3, 5
Let p(k) = 12*k**3 + 6*k**2 - 18*k + 107. List the prime factors of p(5).
1667
Suppose 4*x - 47 - 49 = 0. Let l = 3 - 3. Suppose -p = -l - x. What are the prime factors of p?
2, 3
Suppose 6*y = -0*y + 96. Suppose 5*g - y = 4. What are the prime factors of g?
2
Let g(m) = 5*m**3 - 8*m**2 - 22*m + 46. List the prime factors of g(10).
2, 3, 11, 61
Suppose 0 = -13*v + 10*v + 5*j + 2165, 4*v = 3*j + 2905. List the prime factors of v.
2, 5, 73
Let r(f) = -f + 3 - 4*f - f. Let s(m) = 3*m - 2. Let d(w) = 2*r(w) + 5*s(w). What are the prime factors of d(5)?
11
Let q be -26*-9*(-4)/(-8). Suppose 4*u - q = 3*u. List the prime factors of u.
3, 13
Suppose 0 = -2*a + 3*l + 7, -3*a + 8*a = -3*l + 7. Let v be (1/(-2))/(-1) - (-189)/14. What are the prime factors of v - (0/a - -2)?
2, 3
Let p(z) = -z**3 - 7*z**2 + 6*z + 4. Let r be p(-8). Suppose -r = k + 4*k. List the prime factors of 2/(-4) + (-34)/k.
2
Let u = -16 + 18. Suppose -2*c - u*c = -i + 73, -c = -3*i + 164. What are the prime factors of i?
53
Suppose -w - 44 = -215. Suppose 2*m - w - 137 = 0. Let r = -84 + m. List the prime factors of r.
2, 5, 7
Let w = 27 + -24. Suppose -5 = w*h - 71. Let f = h - 19. What are the prime factors of f?
3
Let r(p) = 27*p**2 + 26*p + 3. What are the prime factors of r(-3)?
2, 3, 7
Let b = 74 - 72. Suppose 5*u + 24 - 201 = -b*f, f = 4*u + 121. List the prime factors of f.
101
Let z = 26 + -19. Let n(m) = 11*m - 14. W